{"id":44,"date":"2025-10-21T12:16:33","date_gmt":"2025-10-21T12:16:33","guid":{"rendered":"https:\/\/morosil.emagrecedor-natural.com.br\/blog\/about\/"},"modified":"2025-10-21T12:16:38","modified_gmt":"2025-10-21T12:16:38","slug":"about","status":"publish","type":"page","link":"https:\/\/morosil.emagrecedor-natural.com.br\/blog\/about\/","title":{"rendered":"About"},"content":{"rendered":"\n\n\n<h6>Sobre N\u00f3s<\/h6>\n<h3>Sobre a Perca Peso com Morosil<\/h3>\n<p>Na Perca Peso com Morosil, dedicamo-nos a oferecer as melhores solu\u00e7\u00f5es para a perda de peso, combinando planos alimentares, exerc\u00edcios e suporte especializado para garantir o sucesso de nossos clientes.<\/p>\n<p>Experimente transforma\u00e7\u00f5es not\u00e1veis em sua sa\u00fade e apar\u00eancia em menos de uma semana com nossas orienta\u00e7\u00f5es expertas e programas personalizados.<\/p>\n<p>Conte com uma equipe de nutricionistas e educadores f\u00edsicos sempre dispon\u00edveis para fornecer conselhos e solu\u00e7\u00f5es feitas sob medida para suas necessidades.<\/p>\n<p>Participe de sess\u00f5es semanais de apoio online onde voc\u00ea pode se conectar com profissionais e outros que compartilham os mesmos objetivos.<\/p>\n\n\n\n\n\n\n\n\n\n<h2>Nossas Estat\u00edsticas e Resultados<\/h2>\n\n\n\n\n\n\n\n\n\n\n\n\n\n\n\n\n\n\n\n\n\n\n\n\n\n\n<h3>O que nos diferencia de outros programas de emagrecimento<\/h3>\n<p>Estamos comprometidos em fornecer um atendimento atencioso e solu\u00e7\u00f5es personalizadas, focando na sa\u00fade e bem-estar de nossos clientes.<\/p>\n\n\n\n\n\n\n\n\n<h6>Depoimentos<\/h6>\n<h2>O que nossos clientes dizem<\/h2>\n\n&#8220;Com a ajuda do Morosil, consegui emagrecer 8 quilos em um m\u00eas! Meu bem-estar melhorou drasticamente!&#8221;\n&#8220;Os planos alimentares s\u00e3o deliciosos e f\u00e1ceis de seguir. Estou mais saud\u00e1vel do que nunca!&#8221;\n&#8220;A equipe de suporte \u00e9 incr\u00edvel! Sempre dispon\u00edvel para me ajudar com dicas e motiva\u00e7\u00e3o.&#8221;\n\n\n","protected":false},"excerpt":{"rendered":"","protected":false},"author":1,"featured_media":0,"parent":0,"menu_order":0,"comment_status":"closed","ping_status":"closed","template":"","meta":{"pagelayer_contact_templates":[],"_pagelayer_content":"","footnotes":""},"class_list":["post-44","page","type-page","status-publish","hentry"],"_links":{"self":[{"href":"https:\/\/morosil.emagrecedor-natural.com.br\/blog\/wp-json\/wp\/v2\/pages\/44","targetHints":{"allow":["GET"]}}],"collection":[{"href":"https:\/\/morosil.emagrecedor-natural.com.br\/blog\/wp-json\/wp\/v2\/pages"}],"about":[{"href":"https:\/\/morosil.emagrecedor-natural.com.br\/blog\/wp-json\/wp\/v2\/types\/page"}],"author":[{"embeddable":true,"href":"https:\/\/morosil.emagrecedor-natural.com.br\/blog\/wp-json\/wp\/v2\/users\/1"}],"replies":[{"embeddable":true,"href":"https:\/\/morosil.emagrecedor-natural.com.br\/blog\/wp-json\/wp\/v2\/comments?post=44"}],"version-history":[{"count":1,"href":"https:\/\/morosil.emagrecedor-natural.com.br\/blog\/wp-json\/wp\/v2\/pages\/44\/revisions"}],"predecessor-version":[{"id":58,"href":"https:\/\/morosil.emagrecedor-natural.com.br\/blog\/wp-json\/wp\/v2\/pages\/44\/revisions\/58"}],"wp:attachment":[{"href":"https:\/\/morosil.emagrecedor-natural.com.br\/blog\/wp-json\/wp\/v2\/media?parent=44"}],"curies":[{"name":"wp","href":"https:\/\/api.w.org\/{rel}","templated":true}]}}